{"id":313,"date":"2024-10-11T14:52:01","date_gmt":"2024-10-11T12:52:01","guid":{"rendered":"https:\/\/heimatvereinyach.de\/startseite\/?post_type=product&#038;p=313"},"modified":"2024-10-11T15:05:37","modified_gmt":"2024-10-11T13:05:37","slug":"natuerliche-kinder-und-wilde-ehen","status":"publish","type":"product","link":"https:\/\/heimatvereinyach.de\/startseite\/produkt\/natuerliche-kinder-und-wilde-ehen\/","title":{"rendered":"&#8222;Nat\u00fcrliche Kinder&#8220; und &#8222;wilde Ehen&#8220;"},"content":{"rendered":"<p>W\u00e4hrend des 19. Jahrhunderts wurde in Yach \u2013 wie im gesamten Amtsbezirk Waldkirch \u2013 teilweise rund die H\u00e4lfte der Kinder nichtehelich geboren. \u201eNat\u00fcrliche Kinder\u201c wurden sie genannt und erregten ebenso Ansto\u00df wie \u201ewilde Ehen\u201c von Unverheirateten oder das Zusammenleben mehrerer Generationen lediger M\u00fctter mit ihren Kindern. Anhand von Schicksalen einzelner Menschen gehen Ida Maria Vollmar, Karl Tr\u00e4nkle und Heiko Haumann den Fragen nach, warum es zu einer derartigen Entwicklung kam und wie die Lebenswelten der Betroffenen aussahen. Im Anhang sind originalgetreu Ausz\u00fcge aus Gesetzen und Verordnungen abgedruckt, die f\u00fcr die geschilderten Zusammenh\u00e4nge eine besondere Bedeutung haben.<\/p>\n<p><em>&#8222;Nat\u00fcrliche Kinder&#8220; und &#8222;wilde Ehen&#8220;.<br \/>\nEin Blick auf d\u00f6rfliche Verh\u00e4ltnisse w\u00e4hrend des 19. Jahrhunderts.<br \/>\nHrsg. vom Heimat- und Landschaftspflegeverein Yach.<br \/>\n152 Seiten mit zahlreichen Farbabbildungen und Grafiken, Broschur.<br \/>\nISBN 978-3-95505-465-6. <\/em><\/p>\n","protected":false},"excerpt":{"rendered":"<p>W\u00e4hrend des 19. Jahrhunderts wurde in Yach \u2013 wie im gesamten Amtsbezirk Waldkirch \u2013 teilweise rund die H\u00e4lfte der Kinder nichtehelich geboren. \u201eNat\u00fcrliche Kinder\u201c wurden sie genannt und erregten ebenso Ansto\u00df wie \u201ewilde Ehen\u201c von Unverheirateten oder das Zusammenleben mehrerer Generationen lediger M\u00fctter mit ihren Kindern. Anhand von Schicksalen einzelner Menschen gehen Ida Maria Vollmar, [&hellip;]<\/p>\n","protected":false},"featured_media":315,"comment_status":"open","ping_status":"closed","template":"","meta":{"_et_pb_use_builder":"","_et_pb_old_content":"","_et_gb_content_width":""},"product_cat":[25],"product_tag":[],"class_list":{"0":"post-313","1":"product","2":"type-product","3":"status-publish","4":"has-post-thumbnail","6":"product_cat-buecher","8":"first","9":"instock","10":"shipping-taxable","11":"purchasable","12":"product-type-simple"},"yoast_head":"<!-- This site is optimized with the Yoast SEO plugin v23.6 - https:\/\/yoast.com\/wordpress\/plugins\/seo\/ -->\n<title>&quot;Nat\u00fcrliche Kinder&quot; und &quot;wilde Ehen&quot; - Heimat- und Lanschaftspflegeverein Yach<\/title>\n<meta name=\"description\" content=\"\u201eNat\u00fcrliche Kinder\u201c wurden sie genannt und erregten ebenso Ansto\u00df wie \u201ewilde Ehen\u201c von Unverheirateten oder das Zusammenleben mehrerer Generationen lediger M\u00fctter mit ihren Kindern.\" \/>\n<meta name=\"robots\" content=\"index, follow, max-snippet:-1, max-image-preview:large, max-video-preview:-1\" \/>\n<link rel=\"canonical\" href=\"https:\/\/heimatvereinyach.de\/startseite\/produkt\/natuerliche-kinder-und-wilde-ehen\/\" \/>\n<meta property=\"og:locale\" content=\"de_DE\" \/>\n<meta property=\"og:type\" content=\"article\" \/>\n<meta property=\"og:title\" content=\"&quot;Nat\u00fcrliche Kinder&quot; und &quot;wilde Ehen&quot; - Heimat- und Lanschaftspflegeverein Yach\" \/>\n<meta property=\"og:description\" content=\"\u201eNat\u00fcrliche Kinder\u201c wurden sie genannt und erregten ebenso Ansto\u00df wie \u201ewilde Ehen\u201c von Unverheirateten oder das Zusammenleben mehrerer Generationen lediger M\u00fctter mit ihren Kindern.\" \/>\n<meta property=\"og:url\" content=\"https:\/\/heimatvereinyach.de\/startseite\/produkt\/natuerliche-kinder-und-wilde-ehen\/\" \/>\n<meta property=\"og:site_name\" content=\"Heimat- und Lanschaftspflegeverein Yach\" \/>\n<meta property=\"article:publisher\" content=\"https:\/\/www.facebook.com\/heimatvereinyach\" \/>\n<meta property=\"article:modified_time\" content=\"2024-10-11T13:05:37+00:00\" \/>\n<meta property=\"og:image\" content=\"https:\/\/heimatvereinyach.de\/wp-content\/uploads\/2024\/10\/Cover-Natuerliche-Kinder-und-wilde-Ehen-HLP-V-Mai-2024-1.jpg\" \/>\n\t<meta property=\"og:image:width\" content=\"1310\" \/>\n\t<meta property=\"og:image:height\" content=\"1920\" \/>\n\t<meta property=\"og:image:type\" content=\"image\/jpeg\" \/>\n<meta name=\"twitter:card\" content=\"summary_large_image\" \/>\n<meta name=\"twitter:label1\" content=\"Gesch\u00e4tzte Lesezeit\" \/>\n\t<meta name=\"twitter:data1\" content=\"1\u00a0Minute\" \/>\n<script type=\"application\/ld+json\" class=\"yoast-schema-graph\">{\"@context\":\"https:\/\/schema.org\",\"@graph\":[{\"@type\":\"WebPage\",\"@id\":\"https:\/\/heimatvereinyach.de\/startseite\/produkt\/natuerliche-kinder-und-wilde-ehen\/\",\"url\":\"https:\/\/heimatvereinyach.de\/startseite\/produkt\/natuerliche-kinder-und-wilde-ehen\/\",\"name\":\"\\\"Nat\u00fcrliche Kinder\\\" und \\\"wilde Ehen\\\" - Heimat- und Lanschaftspflegeverein Yach\",\"isPartOf\":{\"@id\":\"https:\/\/heimatvereinyach.de\/startseite\/#website\"},\"primaryImageOfPage\":{\"@id\":\"https:\/\/heimatvereinyach.de\/startseite\/produkt\/natuerliche-kinder-und-wilde-ehen\/#primaryimage\"},\"image\":{\"@id\":\"https:\/\/heimatvereinyach.de\/startseite\/produkt\/natuerliche-kinder-und-wilde-ehen\/#primaryimage\"},\"thumbnailUrl\":\"https:\/\/heimatvereinyach.de\/wp-content\/uploads\/2024\/10\/Cover-Natuerliche-Kinder-und-wilde-Ehen-HLP-V-Mai-2024-1.jpg\",\"datePublished\":\"2024-10-11T12:52:01+00:00\",\"dateModified\":\"2024-10-11T13:05:37+00:00\",\"description\":\"\u201eNat\u00fcrliche Kinder\u201c wurden sie genannt und erregten ebenso Ansto\u00df wie \u201ewilde Ehen\u201c von Unverheirateten oder das Zusammenleben mehrerer Generationen lediger M\u00fctter mit ihren Kindern.\",\"breadcrumb\":{\"@id\":\"https:\/\/heimatvereinyach.de\/startseite\/produkt\/natuerliche-kinder-und-wilde-ehen\/#breadcrumb\"},\"inLanguage\":\"de\",\"potentialAction\":[{\"@type\":\"ReadAction\",\"target\":[\"https:\/\/heimatvereinyach.de\/startseite\/produkt\/natuerliche-kinder-und-wilde-ehen\/\"]}]},{\"@type\":\"ImageObject\",\"inLanguage\":\"de\",\"@id\":\"https:\/\/heimatvereinyach.de\/startseite\/produkt\/natuerliche-kinder-und-wilde-ehen\/#primaryimage\",\"url\":\"https:\/\/heimatvereinyach.de\/wp-content\/uploads\/2024\/10\/Cover-Natuerliche-Kinder-und-wilde-Ehen-HLP-V-Mai-2024-1.jpg\",\"contentUrl\":\"https:\/\/heimatvereinyach.de\/wp-content\/uploads\/2024\/10\/Cover-Natuerliche-Kinder-und-wilde-Ehen-HLP-V-Mai-2024-1.jpg\",\"width\":1310,\"height\":1920},{\"@type\":\"BreadcrumbList\",\"@id\":\"https:\/\/heimatvereinyach.de\/startseite\/produkt\/natuerliche-kinder-und-wilde-ehen\/#breadcrumb\",\"itemListElement\":[{\"@type\":\"ListItem\",\"position\":1,\"name\":\"Startseite\",\"item\":\"https:\/\/heimatvereinyach.de\/startseite\/\"},{\"@type\":\"ListItem\",\"position\":2,\"name\":\"Shop\",\"item\":\"https:\/\/heimatvereinyach.de\/startseite\/shop\/\"},{\"@type\":\"ListItem\",\"position\":3,\"name\":\"&#8222;Nat\u00fcrliche Kinder&#8220; und &#8222;wilde Ehen&#8220;\"}]},{\"@type\":\"WebSite\",\"@id\":\"https:\/\/heimatvereinyach.de\/startseite\/#website\",\"url\":\"https:\/\/heimatvereinyach.de\/startseite\/\",\"name\":\"Heimat- und Lanschaftspflegeverein Yach\",\"description\":\"Die offizielle Homepage des HLP Yach e.V.\",\"publisher\":{\"@id\":\"https:\/\/heimatvereinyach.de\/startseite\/#organization\"},\"potentialAction\":[{\"@type\":\"SearchAction\",\"target\":{\"@type\":\"EntryPoint\",\"urlTemplate\":\"https:\/\/heimatvereinyach.de\/startseite\/?s={search_term_string}\"},\"query-input\":{\"@type\":\"PropertyValueSpecification\",\"valueRequired\":true,\"valueName\":\"search_term_string\"}}],\"inLanguage\":\"de\"},{\"@type\":\"Organization\",\"@id\":\"https:\/\/heimatvereinyach.de\/startseite\/#organization\",\"name\":\"Heimat- und Lanschaftspflegeverein Yach\",\"url\":\"https:\/\/heimatvereinyach.de\/startseite\/\",\"logo\":{\"@type\":\"ImageObject\",\"inLanguage\":\"de\",\"@id\":\"https:\/\/heimatvereinyach.de\/startseite\/#\/schema\/logo\/image\/\",\"url\":\"https:\/\/heimatvereinyach.de\/wp-content\/uploads\/2022\/03\/heimatverein_yach_logo1.jpg\",\"contentUrl\":\"https:\/\/heimatvereinyach.de\/wp-content\/uploads\/2022\/03\/heimatverein_yach_logo1.jpg\",\"width\":1245,\"height\":1151,\"caption\":\"Heimat- und Lanschaftspflegeverein Yach\"},\"image\":{\"@id\":\"https:\/\/heimatvereinyach.de\/startseite\/#\/schema\/logo\/image\/\"},\"sameAs\":[\"https:\/\/www.facebook.com\/heimatvereinyach\",\"https:\/\/www.instagram.com\/heimatverein_yach\/\"]}]}<\/script>\n<!-- \/ Yoast SEO plugin. -->","yoast_head_json":{"title":"\"Nat\u00fcrliche Kinder\" und \"wilde Ehen\" - Heimat- und Lanschaftspflegeverein Yach","description":"\u201eNat\u00fcrliche Kinder\u201c wurden sie genannt und erregten ebenso Ansto\u00df wie \u201ewilde Ehen\u201c von Unverheirateten oder das Zusammenleben mehrerer Generationen lediger M\u00fctter mit ihren Kindern.","robots":{"index":"index","follow":"follow","max-snippet":"max-snippet:-1","max-image-preview":"max-image-preview:large","max-video-preview":"max-video-preview:-1"},"canonical":"https:\/\/heimatvereinyach.de\/startseite\/produkt\/natuerliche-kinder-und-wilde-ehen\/","og_locale":"de_DE","og_type":"article","og_title":"\"Nat\u00fcrliche Kinder\" und \"wilde Ehen\" - Heimat- und Lanschaftspflegeverein Yach","og_description":"\u201eNat\u00fcrliche Kinder\u201c wurden sie genannt und erregten ebenso Ansto\u00df wie \u201ewilde Ehen\u201c von Unverheirateten oder das Zusammenleben mehrerer Generationen lediger M\u00fctter mit ihren Kindern.","og_url":"https:\/\/heimatvereinyach.de\/startseite\/produkt\/natuerliche-kinder-und-wilde-ehen\/","og_site_name":"Heimat- und Lanschaftspflegeverein Yach","article_publisher":"https:\/\/www.facebook.com\/heimatvereinyach","article_modified_time":"2024-10-11T13:05:37+00:00","og_image":[{"width":1310,"height":1920,"url":"https:\/\/heimatvereinyach.de\/wp-content\/uploads\/2024\/10\/Cover-Natuerliche-Kinder-und-wilde-Ehen-HLP-V-Mai-2024-1.jpg","type":"image\/jpeg"}],"twitter_card":"summary_large_image","twitter_misc":{"Gesch\u00e4tzte Lesezeit":"1\u00a0Minute"},"schema":{"@context":"https:\/\/schema.org","@graph":[{"@type":"WebPage","@id":"https:\/\/heimatvereinyach.de\/startseite\/produkt\/natuerliche-kinder-und-wilde-ehen\/","url":"https:\/\/heimatvereinyach.de\/startseite\/produkt\/natuerliche-kinder-und-wilde-ehen\/","name":"\"Nat\u00fcrliche Kinder\" und \"wilde Ehen\" - Heimat- und Lanschaftspflegeverein Yach","isPartOf":{"@id":"https:\/\/heimatvereinyach.de\/startseite\/#website"},"primaryImageOfPage":{"@id":"https:\/\/heimatvereinyach.de\/startseite\/produkt\/natuerliche-kinder-und-wilde-ehen\/#primaryimage"},"image":{"@id":"https:\/\/heimatvereinyach.de\/startseite\/produkt\/natuerliche-kinder-und-wilde-ehen\/#primaryimage"},"thumbnailUrl":"https:\/\/heimatvereinyach.de\/wp-content\/uploads\/2024\/10\/Cover-Natuerliche-Kinder-und-wilde-Ehen-HLP-V-Mai-2024-1.jpg","datePublished":"2024-10-11T12:52:01+00:00","dateModified":"2024-10-11T13:05:37+00:00","description":"\u201eNat\u00fcrliche Kinder\u201c wurden sie genannt und erregten ebenso Ansto\u00df wie \u201ewilde Ehen\u201c von Unverheirateten oder das Zusammenleben mehrerer Generationen lediger M\u00fctter mit ihren Kindern.","breadcrumb":{"@id":"https:\/\/heimatvereinyach.de\/startseite\/produkt\/natuerliche-kinder-und-wilde-ehen\/#breadcrumb"},"inLanguage":"de","potentialAction":[{"@type":"ReadAction","target":["https:\/\/heimatvereinyach.de\/startseite\/produkt\/natuerliche-kinder-und-wilde-ehen\/"]}]},{"@type":"ImageObject","inLanguage":"de","@id":"https:\/\/heimatvereinyach.de\/startseite\/produkt\/natuerliche-kinder-und-wilde-ehen\/#primaryimage","url":"https:\/\/heimatvereinyach.de\/wp-content\/uploads\/2024\/10\/Cover-Natuerliche-Kinder-und-wilde-Ehen-HLP-V-Mai-2024-1.jpg","contentUrl":"https:\/\/heimatvereinyach.de\/wp-content\/uploads\/2024\/10\/Cover-Natuerliche-Kinder-und-wilde-Ehen-HLP-V-Mai-2024-1.jpg","width":1310,"height":1920},{"@type":"BreadcrumbList","@id":"https:\/\/heimatvereinyach.de\/startseite\/produkt\/natuerliche-kinder-und-wilde-ehen\/#breadcrumb","itemListElement":[{"@type":"ListItem","position":1,"name":"Startseite","item":"https:\/\/heimatvereinyach.de\/startseite\/"},{"@type":"ListItem","position":2,"name":"Shop","item":"https:\/\/heimatvereinyach.de\/startseite\/shop\/"},{"@type":"ListItem","position":3,"name":"&#8222;Nat\u00fcrliche Kinder&#8220; und &#8222;wilde Ehen&#8220;"}]},{"@type":"WebSite","@id":"https:\/\/heimatvereinyach.de\/startseite\/#website","url":"https:\/\/heimatvereinyach.de\/startseite\/","name":"Heimat- und Lanschaftspflegeverein Yach","description":"Die offizielle Homepage des HLP Yach e.V.","publisher":{"@id":"https:\/\/heimatvereinyach.de\/startseite\/#organization"},"potentialAction":[{"@type":"SearchAction","target":{"@type":"EntryPoint","urlTemplate":"https:\/\/heimatvereinyach.de\/startseite\/?s={search_term_string}"},"query-input":{"@type":"PropertyValueSpecification","valueRequired":true,"valueName":"search_term_string"}}],"inLanguage":"de"},{"@type":"Organization","@id":"https:\/\/heimatvereinyach.de\/startseite\/#organization","name":"Heimat- und Lanschaftspflegeverein Yach","url":"https:\/\/heimatvereinyach.de\/startseite\/","logo":{"@type":"ImageObject","inLanguage":"de","@id":"https:\/\/heimatvereinyach.de\/startseite\/#\/schema\/logo\/image\/","url":"https:\/\/heimatvereinyach.de\/wp-content\/uploads\/2022\/03\/heimatverein_yach_logo1.jpg","contentUrl":"https:\/\/heimatvereinyach.de\/wp-content\/uploads\/2022\/03\/heimatverein_yach_logo1.jpg","width":1245,"height":1151,"caption":"Heimat- und Lanschaftspflegeverein Yach"},"image":{"@id":"https:\/\/heimatvereinyach.de\/startseite\/#\/schema\/logo\/image\/"},"sameAs":["https:\/\/www.facebook.com\/heimatvereinyach","https:\/\/www.instagram.com\/heimatverein_yach\/"]}]}},"_links":{"self":[{"href":"https:\/\/heimatvereinyach.de\/startseite\/wp-json\/wp\/v2\/product\/313","targetHints":{"allow":["GET"]}}],"collection":[{"href":"https:\/\/heimatvereinyach.de\/startseite\/wp-json\/wp\/v2\/product"}],"about":[{"href":"https:\/\/heimatvereinyach.de\/startseite\/wp-json\/wp\/v2\/types\/product"}],"replies":[{"embeddable":true,"href":"https:\/\/heimatvereinyach.de\/startseite\/wp-json\/wp\/v2\/comments?post=313"}],"wp:featuredmedia":[{"embeddable":true,"href":"https:\/\/heimatvereinyach.de\/startseite\/wp-json\/wp\/v2\/media\/315"}],"wp:attachment":[{"href":"https:\/\/heimatvereinyach.de\/startseite\/wp-json\/wp\/v2\/media?parent=313"}],"wp:term":[{"taxonomy":"product_cat","embeddable":true,"href":"https:\/\/heimatvereinyach.de\/startseite\/wp-json\/wp\/v2\/product_cat?post=313"},{"taxonomy":"product_tag","embeddable":true,"href":"https:\/\/heimatvereinyach.de\/startseite\/wp-json\/wp\/v2\/product_tag?post=313"}],"curies":[{"name":"wp","href":"https:\/\/api.w.org\/{rel}","templated":true}]}}